me number?
True
Is 7059863 a prime number?
True
Is 4502801 prime?
False
Is 29702663 composite?
False
Is 1034461 prime?
True
Is 129863 composite?
True
Is 18271247 a prime number?
False
Is 60876601 a composite number?
False
Is 138884059 a composite number?
False
Is 43548643 a composite number?
False
Is 168138331 a prime number?
True
Is 201557101 a prime number?
True
Is 9324227 prime?
False
Is 6099521 composite?
False
Is 21880311 composite?
True
Is 4189147 prime?
True
Is 878821 composite?
False
Is 45359287 composite?
False
Is 24300781 a composite number?
False
Is 60706682 a composite number?
True
Is 217822433 composite?
False
Is 7734163 prime?
False
Is 6139865 composite?
True
Is 38031173 prime?
True
Is 17476721 composite?
True
Is 2320421 composite?
False
Is 138073261 prime?
False
Is 243223 prime?
False
Is 409463 a prime number?
True
Is 5437889 prime?
True
Is 11754881 a composite number?
False
Is 221178651 a prime number?
False
Is 4543871 a prime number?
True
Is 2388769 prime?
True
Is 7341767 a prime number?
True
Is 1530091 prime?
True
Is 45341997 a composite number?
True
Is 24364091 a composite number?
True
Is 8489357 composite?
False
Is 4741207 a composite number?
False
Is 8509309 a prime number?
False
Is 1073717 composite?
False
Is 22697651 prime?
True
Is 79120489 composite?
True
Is 105265141 composite?
False
Is 6293783 a prime number?
False
Is 2578321 prime?
False
Is 64600873 composite?
False
Is 39709369 a prime number?
False
Is 3243461 a prime number?
False
Is 18792143 prime?
True
Is 68384507 composite?
False
Is 6609409 a composite number?
False
Is 66918889 prime?
False
Is 29815687 a composite number?
True
Is 98036823 a prime number?
False
Is 4095139 a composite number?
False
Is 39671239 a prime number?
True
Is 1132655 a prime number?
False
Is 179763 prime?
False
Is 1442759 a composite number?
True
Is 40453823 composite?
False
Is 7146667 composite?
True
Is 8014477 a prime number?
True
Is 7235419 a prime number?
True
Is 79026851 composite?
False
Is 702013 composite?
True
Is 17634359 prime?
True
Is 3156809 a prime number?
True
Is 143185331 composite?
False
Is 55849837 a composite number?
False
Is 2928461 composite?
False
Is 23417321 a prime number?
True
Is 6575227 composite?
False
Is 15236597 prime?
True
Is 28383617 prime?
False
Is 11996903 composite?
True
Is 385094 composite?
True
Is 400929845 prime?
False
Is 2278571 a composite number?
True
Is 33850409 a prime number?
True
Is 10112543 composite?
True
Is 9984311 composite?
False
Is 146863813 a prime number?
False
Is 2182838597 composite?
False
Is 6011935 prime?
False
Is 11099797 a prime number?
False
Is 805933 a prime number?
True
Is 1313666 a prime number?
False
Is 5091097 a composite number?
True
Is 383897 composite?
True
Is 90130017 a prime number?
False
Is 41263637 a composite number?
False
Is 27084693 prime?
False
Is 1840399 a composite number?
True
Is 685055053 composite?
True
Is 207029 a prime number?
True
Is 12037611 prime?
False
Is 180390443 composite?
True
Is 2499635 composite?
True
Is 2216464109 a composite number?
False
Is 437011007 composite?
True
Is 7409891 prime?
True
Is 34819567 prime?
False
Is 7689821 a composite number?
True
Is 13314163 composite?
False
Is 16896419 composite?
True
Is 1394057 prime?
False
Is 2175169 prime?
True
Is 6898861 composite?
False
Is 376561 a composite number?
True
Is 21081617 composite?
True
Is 334660031 a composite number?
False
Is 4157761 a composite number?
True
Is 105878077 a composite number?
False
Is 1309836785 prime?
False
Is 55677199 composite?
False
Is 10705297 a composite number?
True
Is 39065759 a prime number?
True
Is 318802529 a composite number?
True
Is 40426466 prime?
False
Is 16676315 composite?
True
Is 475833979 a composite number?
False
Is 206680847 prime?
True
Is 378599 a prime number?
False
Is 6169591 a prime number?
True
Is 14166107 a prime number?
True
Is 6290831 a prime number?
False
Is 1887319 a prime number?
False
Is 7725857 prime?
True
Is 542197 a composite number?
False
Is 7588397 prime?
False
Is 1371359 a prime number?
False
Is 3949271 prime?
True
Is 85732469 prime?
False
Is 193535 a composite number?
True
Is 3117643 a composite number?
True
Is 41189417 prime?
False
Is 342521 prime?
True
Is 1092055463 a composite number?
False
Is 34994027 a prime number?
True
Is 190939657 a prime number?
True
Is 4990831 a composite number?
False
Is 280542421 a composite number?
False
Is 15789953 prime?
True
Is 4798723 a prime number?
False
Is 21322991 prime?
True
Is 87083 prime?
True
Is 70067 prime?
True
Is 23105867 a prime number?
True
Is 5027755 composite?
True
Is 11765119 composite?
True
Is 68941318 a prime number?
False
Is 14591807 a prime number?
False
Is 1150829 composite?
True
Is 3198583 prime?
False
Is 766463 a prime number?
False
Is 1397063 prime?
True
Is 163078169 composite?
False
Is 758767 composite?
False
Is 1565407 prime?
False
Is 96643 composite?
False
Is 3421903 composite?
False
Is 98914327 prime?
True
Is 40007281 a prime number?
False
Is 21121771 a composite number?
True
Is 172425335 composite?
True
Is 13992019 composite?
False
Is 14174257 a composite number?
False
Is 331267 a composite number?
True
Is 2095853 prime?
True
Is 112060633 a prime number?
False
Is 3120067 composite?
False
Is 646213 a composite number?
True
Is 518597 prime?
True
Is 77642709 a prime number?
False
Is 2096429 prime?
True
Is 235089191 a prime number?
True
Is 560969 a composite number?
False
Is 6419901 prime?
False
Is 756227 a prime number?
True
Is 418404641 a prime number?
True
Is 114509326 composite?
True
Is 73300159 a composite number?
False
Is 2087174 composite?
True
Is 9767829 a composite number?
True
Is 18346991 composite?
True
Is 131852363 a prime number?
True
Is 146860487 composite?
False
Is 15176713 a prime number?
True
Is 557894 prime?
False
Is 116395319 composite?
False
Is 316066453 composite?
True
Is 39499 a prime number?
True
Is 3063407 composite?
False
Is 20754373 a prime number?
False
Is 31287931 a prime number?
True
Is 236981 a composite number?
False
Is 403927 prime?
False
Is 119824321 prime?
False
Is 6066717 composite?
True
Is 3729079 prime?
False
Is 138619867 composite?
False
Is 60122263 prime?
True
Is 909989 composite?
True
Is 13785703 a prime number?
False
Is 5679379 a composite number?
True
Is 4934621 composite?
False
Is 5826895 a prime number?
False
Is 18428023 a composite number?
True
Is 39801395 prime?
False
Is 232785869 prime?
True
Is 2906047 prime?
False
Is 10265197 prime?
True
Is 1786523 composite?
True
Is 412877 a composite number?
True
Is 10375217 prime?
False
Is 4986843 composite?
True
Is 670937 a composite number?
True
Is 6104939 a composite number?
False
Is 9366551 prime?
True
Is 6400873 composite?
False
Is 7902863 composite?
False
Is 33253 a composite number?
True
Is 2314909 prime?
True
Is 2548187 a composite number?
True
Is 2892871 a prime number?
False
Is 1039669937 a prime number?
True
Is 30920941 a composite number?
True
Is 64068499 composite?
True
Is 152521 composite?
True
Is 2708449 composite?
True
Is 76031 a composite number?
False
Is 35941391 composite?
False
Is 3986179 a composite number?
True
Is 51479353 composite?
False
Is 21952109 a composite number?
False
Is 1997835031 prime?
False
Is 2056891 a prime number?
True
Is 2428373 a prime number?
False
Is 11380301 composite?
False
Is 66755423 composite?
True
Is 4243181 prime?
True
Is 393712681 a composite number?
False
Is 344809 prime?
False
Is 196949 a prime number?
False
Is 12332681 composite?
False
Is 7354673 composite?
True
Is 5730113 a composite number?
True
Is 9098657 composite?
False
Is 183114821 a prime number?
True
Is 93275849 a composite number?
False
Is 1050971651 a prime number?
True
Is 13757747 a composite number?
True
Is 106050127 a prime number?
True
Is 186226189 a prime number?
True
Is 220182983 composite?
False
Is 43959077 prime?
True
Is 665907101 prime?
False
Is 429614 prime?
False
Is 344466467 prime?
True
Is 34117451 prime?
True
Is 4532807 a composite number?
False
Is 83895113 composite?
True
Is 1833197 prime?
False
Is 4378327 composite?
False
Is 194963 a composite number?
False
Is 15379241 a composite number?
False
Is 4580107 prime?
False
Is 24757523 prime?
False
Is 163928803 a prime number?
True
Is 4292251 a prime number?
True
Is 507461 